{"id":47,"date":"2022-04-21T00:09:49","date_gmt":"2022-04-20T21:09:49","guid":{"rendered":"http:\/\/kocaelivho.org.tr\/?page_id=47"},"modified":"2025-01-08T22:35:35","modified_gmt":"2025-01-08T19:35:35","slug":"yonetim-kurulu","status":"publish","type":"page","link":"https:\/\/www.kocaelivho.org.tr\/?page_id=47","title":{"rendered":"Y\u00f6netim Kurulu"},"content":{"rendered":"\n<figure class=\"wp-block-image size-large is-resized\"><img loading=\"lazy\" decoding=\"async\" width=\"662\" height=\"1024\" src=\"https:\/\/www.kocaelivho.org.tr\/wp-content\/uploads\/2024\/11\/WhatsApp-Image-2024-11-11-at-16.46.14-662x1024.jpeg\" alt=\"\" class=\"wp-image-842\" style=\"width:839px;height:auto\" srcset=\"https:\/\/www.kocaelivho.org.tr\/wp-content\/uploads\/2024\/11\/WhatsApp-Image-2024-11-11-at-16.46.14-662x1024.jpeg 662w, https:\/\/www.kocaelivho.org.tr\/wp-content\/uploads\/2024\/11\/WhatsApp-Image-2024-11-11-at-16.46.14-194x300.jpeg 194w, https:\/\/www.kocaelivho.org.tr\/wp-content\/uploads\/2024\/11\/WhatsApp-Image-2024-11-11-at-16.46.14-768x1188.jpeg 768w, https:\/\/www.kocaelivho.org.tr\/wp-content\/uploads\/2024\/11\/WhatsApp-Image-2024-11-11-at-16.46.14-993x1536.jpeg 993w, https:\/\/www.kocaelivho.org.tr\/wp-content\/uploads\/2024\/11\/WhatsApp-Image-2024-11-11-at-16.46.14-600x928.jpeg 600w, https:\/\/www.kocaelivho.org.tr\/wp-content\/uploads\/2024\/11\/WhatsApp-Image-2024-11-11-at-16.46.14.jpeg 1034w\" sizes=\"auto, (max-width: 662px) 100vw, 662px\" \/><\/figure>\n\n\n\n<h3 class=\"wp-block-heading has-text-align-center\"><a href=\"http:\/\/kocaelivho.org.tr\/hakkimizda\/yonetim-kurulu\/mehmet-bostanci\/\" data-type=\"page\" data-id=\"175\">Mehmet BOSTANCI<\/a><\/h3>\n\n\n\n<p class=\"has-text-align-center\"><strong>Y\u00f6netim Kurulu Ba\u015fkan\u0131<\/strong><\/p>\n\n\n\n<div class=\"wp-block-group\"><div class=\"wp-block-group__inner-container is-layout-flow wp-block-group-is-layout-flow\">\n<div class=\"wp-block-columns is-layout-flex wp-container-core-columns-is-layout-28f84493 wp-block-columns-is-layout-flex\">\n<div class=\"wp-block-column is-layout-flow wp-block-column-is-layout-flow\">\n<figure class=\"wp-block-image size-full is-resized\"><img loading=\"lazy\" decoding=\"async\" width=\"765\" height=\"574\" src=\"https:\/\/kocaelivho.org.tr\/wp-content\/uploads\/2022\/08\/WhatsApp-Image-2022-08-25-at-17.57.08-edited.jpeg\" alt=\"\" class=\"wp-image-338\" style=\"width:207px;height:157px\" srcset=\"https:\/\/www.kocaelivho.org.tr\/wp-content\/uploads\/2022\/08\/WhatsApp-Image-2022-08-25-at-17.57.08-edited.jpeg 765w, https:\/\/www.kocaelivho.org.tr\/wp-content\/uploads\/2022\/08\/WhatsApp-Image-2022-08-25-at-17.57.08-edited-600x450.jpeg 600w, https:\/\/www.kocaelivho.org.tr\/wp-content\/uploads\/2022\/08\/WhatsApp-Image-2022-08-25-at-17.57.08-edited-300x225.jpeg 300w\" sizes=\"auto, (max-width: 765px) 100vw, 765px\" \/><\/figure>\n\n\n\n<p><a href=\"http:\/\/kocaelivho.org.tr\/hakkimizda\/yonetim-kurulu\/cuneyt-ozer\/\" data-type=\"page\" data-id=\"178\">C\u00fcneyt \u00d6ZER<\/a><\/p>\n\n\n\n<p class=\"has-small-font-size\"><strong>Genel Sekreter<\/strong><\/p>\n<\/div>\n\n\n\n<div class=\"wp-block-column is-layout-flow wp-block-column-is-layout-flow\">\n<figure class=\"wp-block-image size-full is-resized\"><img loading=\"lazy\" decoding=\"async\" width=\"800\" height=\"600\" src=\"https:\/\/kocaelivho.org.tr\/wp-content\/uploads\/2022\/12\/fuatkorcak-edited.jpg\" alt=\"\" class=\"wp-image-454\" style=\"width:209px\" srcset=\"https:\/\/www.kocaelivho.org.tr\/wp-content\/uploads\/2022\/12\/fuatkorcak-edited.jpg 800w, https:\/\/www.kocaelivho.org.tr\/wp-content\/uploads\/2022\/12\/fuatkorcak-edited-600x450.jpg 600w, https:\/\/www.kocaelivho.org.tr\/wp-content\/uploads\/2022\/12\/fuatkorcak-edited-300x225.jpg 300w, https:\/\/www.kocaelivho.org.tr\/wp-content\/uploads\/2022\/12\/fuatkorcak-edited-768x576.jpg 768w\" sizes=\"auto, (max-width: 800px) 100vw, 800px\" \/><\/figure>\n\n\n\n<p><a href=\"http:\/\/kocaelivho.org.tr\/hakkimizda\/yonetim-kurulu\/fuat-korcak\/\" data-type=\"page\" data-id=\"181\">Fuat KOR\u00c7AK<\/a><\/p>\n\n\n\n<p class=\"has-small-font-size\"><strong>Muhasip \u00dcye<\/strong><\/p>\n<\/div>\n\n\n\n<div class=\"wp-block-column is-layout-flow wp-block-column-is-layout-flow\">\n<figure class=\"wp-block-image size-full is-resized\"><img loading=\"lazy\" decoding=\"async\" width=\"856\" height=\"860\" src=\"https:\/\/www.kocaelivho.org.tr\/wp-content\/uploads\/2025\/01\/WhatsApp-Image-2024-11-20-at-18.30.47-e1736364670703.jpeg\" alt=\"\" class=\"wp-image-983\" style=\"width:214px;height:160px\" srcset=\"https:\/\/www.kocaelivho.org.tr\/wp-content\/uploads\/2025\/01\/WhatsApp-Image-2024-11-20-at-18.30.47-e1736364670703.jpeg 856w, https:\/\/www.kocaelivho.org.tr\/wp-content\/uploads\/2025\/01\/WhatsApp-Image-2024-11-20-at-18.30.47-e1736364670703-300x300.jpeg 300w, https:\/\/www.kocaelivho.org.tr\/wp-content\/uploads\/2025\/01\/WhatsApp-Image-2024-11-20-at-18.30.47-e1736364670703-150x150.jpeg 150w, https:\/\/www.kocaelivho.org.tr\/wp-content\/uploads\/2025\/01\/WhatsApp-Image-2024-11-20-at-18.30.47-e1736364670703-768x772.jpeg 768w, https:\/\/www.kocaelivho.org.tr\/wp-content\/uploads\/2025\/01\/WhatsApp-Image-2024-11-20-at-18.30.47-e1736364670703-600x603.jpeg 600w, https:\/\/www.kocaelivho.org.tr\/wp-content\/uploads\/2025\/01\/WhatsApp-Image-2024-11-20-at-18.30.47-e1736364670703-100x100.jpeg 100w\" sizes=\"auto, (max-width: 856px) 100vw, 856px\" \/><\/figure>\n\n\n\n<p><a href=\"http:\/\/kocaelivho.org.tr\/hakkimizda\/yonetim-kurulu\/onder-ozturk\/\" data-type=\"page\" data-id=\"184\">\u00d6nder \u00d6ZT\u00dcRK<\/a><\/p>\n\n\n\n<p class=\"has-small-font-size\"><strong>Y\u00f6netim Kurulu \u00dcyesi<\/strong><\/p>\n<\/div>\n\n\n\n<div class=\"wp-block-column is-layout-flow wp-block-column-is-layout-flow\">\n<figure class=\"wp-block-image size-full is-resized\"><img loading=\"lazy\" decoding=\"async\" width=\"768\" height=\"576\" src=\"https:\/\/kocaelivho.org.tr\/wp-content\/uploads\/2022\/12\/WhatsApp-Image-2022-12-16-at-23.03.36-edited.jpeg\" alt=\"\" class=\"wp-image-452\" style=\"width:187px;height:160px\" srcset=\"https:\/\/www.kocaelivho.org.tr\/wp-content\/uploads\/2022\/12\/WhatsApp-Image-2022-12-16-at-23.03.36-edited.jpeg 768w, https:\/\/www.kocaelivho.org.tr\/wp-content\/uploads\/2022\/12\/WhatsApp-Image-2022-12-16-at-23.03.36-edited-600x450.jpeg 600w, https:\/\/www.kocaelivho.org.tr\/wp-content\/uploads\/2022\/12\/WhatsApp-Image-2022-12-16-at-23.03.36-edited-300x225.jpeg 300w\" sizes=\"auto, (max-width: 768px) 100vw, 768px\" \/><\/figure>\n\n\n\n<p class=\"has-small-font-size\"><a href=\"http:\/\/kocaelivho.org.tr\/hakkimizda\/yonetim-kurulu\/yunus-emre-konak\/\" data-type=\"page\">Yunus Emre KONAK<\/a><\/p>\n\n\n\n<p class=\"has-small-font-size\"><strong>Y\u00f6netim Kurulu \u00dcyesi<\/strong><\/p>\n<\/div>\n<\/div>\n<\/div><\/div>\n\n\n\n<p><\/p>\n","protected":false},"excerpt":{"rendered":"<p>Mehmet BOSTANCI Y\u00f6netim Kurulu Ba\u015fkan\u0131 C\u00fcneyt \u00d6ZER Genel Sekreter Fuat KOR\u00c7AK Muhasip \u00dcye \u00d6nder \u00d6ZT\u00dcRK Y\u00f6netim Kurulu \u00dcyesi Yunus Emre KONAK Y\u00f6netim Kurulu \u00dcyesi<\/p>\n","protected":false},"author":1,"featured_media":0,"parent":18,"menu_order":0,"comment_status":"closed","ping_status":"closed","template":"","meta":{"footnotes":""},"class_list":["post-47","page","type-page","status-publish","hentry"],"_links":{"self":[{"href":"https:\/\/www.kocaelivho.org.tr\/index.php?rest_route=\/wp\/v2\/pages\/47","targetHints":{"allow":["GET"]}}],"collection":[{"href":"https:\/\/www.kocaelivho.org.tr\/index.php?rest_route=\/wp\/v2\/pages"}],"about":[{"href":"https:\/\/www.kocaelivho.org.tr\/index.php?rest_route=\/wp\/v2\/types\/page"}],"author":[{"embeddable":true,"href":"https:\/\/www.kocaelivho.org.tr\/index.php?rest_route=\/wp\/v2\/users\/1"}],"replies":[{"embeddable":true,"href":"https:\/\/www.kocaelivho.org.tr\/index.php?rest_route=%2Fwp%2Fv2%2Fcomments&post=47"}],"version-history":[{"count":17,"href":"https:\/\/www.kocaelivho.org.tr\/index.php?rest_route=\/wp\/v2\/pages\/47\/revisions"}],"predecessor-version":[{"id":986,"href":"https:\/\/www.kocaelivho.org.tr\/index.php?rest_route=\/wp\/v2\/pages\/47\/revisions\/986"}],"up":[{"embeddable":true,"href":"https:\/\/www.kocaelivho.org.tr\/index.php?rest_route=\/wp\/v2\/pages\/18"}],"wp:attachment":[{"href":"https:\/\/www.kocaelivho.org.tr\/index.php?rest_route=%2Fwp%2Fv2%2Fmedia&parent=47"}],"curies":[{"name":"wp","href":"https:\/\/api.w.org\/{rel}","templated":true}]}}